 1973 prime?
True
Is 110111 a composite number?
True
Is 15461 a prime number?
True
Is 3497 composite?
True
Is 9235 composite?
True
Is 8657 composite?
True
Is 4759 prime?
True
Is 7133 a composite number?
True
Is 23083 a prime number?
False
Is 97738 prime?
False
Is 124969 composite?
True
Is 85009 a prime number?
True
Is 940201 composite?
False
Is 8999 a prime number?
True
Is 167953 a composite number?
False
Is 9442 a prime number?
False
Is 389507 a prime number?
True
Is 139217 prime?
False
Is 7361 composite?
True
Is 6247 a composite number?
False
Is 491897 prime?
False
Is 35951 a prime number?
True
Is 178967 prime?
False
Is 754921 a composite number?
False
Is 71697 prime?
False
Is 470711 a prime number?
True
Is 7607 prime?
True
Is 613 a composite number?
False
Is 7261 composite?
True
Is 228481 a prime number?
False
Is 33119 composite?
False
Is 13309 a prime number?
True
Is 27791 a prime number?
True
Is 197947 a composite number?
False
Is 49169 prime?
True
Is 200006 prime?
False
Is 1633 a composite number?
True
Is 11777 a composite number?
False
Is 511163 composite?
False
Is 13033 a composite number?
False
Is 867461 prime?
False
Is 144661 a prime number?
False
Is 169909 composite?
False
Is 6761 composite?
False
Is 143609 a prime number?
True
Is 512819 a composite number?
False
Is 48851 composite?
True
Is 500519 prime?
True
Is 887405 prime?
False
Is 5311367 composite?
True
Is 3799 a prime number?
False
Is 241493 prime?
False
Is 189947 a prime number?
True
Is 465643 prime?
True
Is 424469 a prime number?
False
Is 68893 a prime number?
False
Is 28511 a prime number?
False
Is 12853 prime?
True
Is 10247 prime?
True
Is 212491 composite?
True
Is 768946 a composite number?
True
Is 1069 a prime number?
True
Is 32111 composite?
True
Is 9229 prime?
False
Is 939551 a composite number?
False
Is 837965 composite?
True
Is 383437 prime?
False
Is 919 a composite number?
False
Is 150511 a prime number?
False
Is 115499 prime?
True
Is 56843 a composite number?
False
Is 10249 a composite number?
True
Is 5141 a prime number?
False
Is 235159 a prime number?
True
Is 5000993 a composite number?
False
Is 691 a prime number?
True
Is 6379 composite?
False
Is 40739 a composite number?
False
Is 490753 a composite number?
True
Is 1388287 prime?
True
Is 41869 prime?
False
Is 21643 a prime number?
False
Is 24499 prime?
True
Is 111409 a composite number?
False
Is 23223 a composite number?
True
Is 63997 composite?
False
Is 2918 a composite number?
True
Is 213881 a composite number?
False
Is 2221 composite?
False
Is 138665 a prime number?
False
Is 16879 composite?
False
Is 30143 composite?
True
Is 16679 composite?
True
Is 99317 composite?
False
Is 63953 a composite number?
True
Is 8633 a prime number?
False
Is 302153 prime?
False
Is 2957 prime?
True
Is 11437 a prime number?
True
Is 1207603 prime?
True
Is 303395 a prime number?
False
Is 1090183 a composite number?
True
Is 4981 prime?
False
Is 22877 a prime number?
True
Is 4553 prime?
False
Is 7669 composite?
False
Is 209947 a composite number?
True
Is 511571 a prime number?
False
Is 195457 a prime number?
True
Is 10743 a composite number?
True
Is 5381 a composite number?
False
Is 442397 prime?
True
Is 7891 a prime number?
False
Is 16673 prime?
True
Is 4417 a composite number?
True
Is 2561011 a prime number?
False
Is 713 a composite number?
True
Is 7243 a composite number?
False
Is 34417 prime?
False
Is 12481 a prime number?
False
Is 525641 prime?
True
Is 6823 a prime number?
True
Is 218957 composite?
True
Is 63202 a composite number?
True
Is 1067 a prime number?
False
Is 20019 composite?
True
Is 6686 composite?
True
Is 1639 a composite number?
True
Is 616241 a composite number?
True
Is 48181 a composite number?
True
Is 42799 prime?
False
Is 505 a prime number?
False
Is 4187 composite?
True
Is 227251 prime?
True
Is 143645 prime?
False
Is 86399 a composite number?
False
Is 63331 a composite number?
False
Is 930547 a prime number?
True
Is 156467 composite?
False
Is 155063 composite?
True
Is 293 a composite number?
False
Is 3341 prime?
False
Is 89971 a prime number?
False
Is 420881 prime?
False
Is 1197103 a composite number?
False
Is 2722 a prime number?
False
Is 5497 prime?
False
Is 7283 composite?
False
Is 491081 a composite number?
False
Is 58103 a composite number?
True
Is 43481 composite?
False
Is 3041 a prime number?
True
Is 206153 a prime number?
True
Is 1262203 prime?
True
Is 21703 prime?
False
Is 168247 prime?
True
Is 160445 a composite number?
True
Is 3957 a prime number?
False
Is 13271 prime?
False
Is 75749 prime?
False
Is 31539 a prime number?
False
Is 37753 a prime number?
False
Is 7043 composite?
False
Is 96403 composite?
True
Is 18035 prime?
False
Is 55849 composite?
False
Is 1207 composite?
True
Is 807 composite?
True
Is 8609 prime?
True
Is 26587 composite?
True
Is 66083 a prime number?
True
Is 33751 a prime number?
True
Is 789839 a composite number?
True
Is 46429 composite?
True
Is 242591 a composite number?
False
Is 307 prime?
True
Is 2841 a prime number?
False
Is 1346181 prime?
False
Is 2333 a composite number?
False
Is 138599 a prime number?
True
Is 104402 a prime number?
False
Is 47267 a prime number?
False
Is 7309 composite?
False
Is 20257 prime?
False
Is 3309457 prime?
False
Is 22613 composite?
False
Is 153247 a prime number?
True
Is 144185 composite?
True
Is 631229 a prime number?
True
Is 6469 composite?
False
Is 10319 a prime number?
False
Is 1049 a prime number?
True
Is 82457 prime?
True
Is 116845 prime?
False
Is 26963 composite?
True
Is 1931201 prime?
False
Is 3607 composite?
False
Is 78409 a prime number?
False
Is 1865 a composite number?
True
Is 2669 composite?
True
Is 11771 prime?
False
Is 255709 a prime number?
True
Is 34691 a prime number?
False
Is 11113 composite?
False
Is 16123 a composite number?
True
Is 3155 composite?
True
Is 3199 a composite number?
True
Is 254761 a prime number?
False
Is 171155 a prime number?
False
Is 41341 prime?
True
Is 33457 a prime number?
True
Is 98251 composite?
False
Is 7249 prime?
False
Is 45529 prime?
False
Is 6433 composite?
True
Is 8861 a composite number?
False
Is 452099 a composite number?
True
Is 28687 a prime number?
True
Is 157349 composite?
False
Is 149689 a composite number?
False
Is 16669 prime?
False
Is 7981 a prime number?
False
Is 787 a composite number?
False
Is 7697 prime?
False
Is 2578 a prime number?
False
Is 12049 composite?
False
Is 145393 prime?
False
Is 28511 composite?
True
Is 101471 prime?
False
Is 1464359 a prime number?
False
Is 3238 a prime number?
False
Is 15115 a prime number?
False
Is 15899 prime?
False
Is 22835 a prime number?
False
Is 543 a prime number?
False
Is 1669 a composite number?
False
Is 15545 composite?
True
Is 3859 a composite number?
True
Is 5147 composite?
False
Is 761177 a composite number?
False
Is 23591 a composite number?
True
Is 1465 composite?
True
Is 333955 composite?
True
Is 126547 composite?
False
Is 1265431 a composite number?
False
Is 191657 a composite number?
False
Is 33377 prime?
True
Is 75703 composite?
False
Is 143337 a prime number?
False
Is 9029 a composite number?
False
Is 251 prime?
True
Is 211 composite?
False
Is 1361 a prime number?
True
Is 4919 prime?
True
Is 3445153 a prime number?
True
Is 464119 a prime number?
True
Is 4618 a prime number?
False
Is 1444231 a composite number?
True
Is 186793 a prime number?
True
Is 961 composite?
True
Is 24593 prime?
True
Is 4855 a prime number?
False
Is 401757 composite?
True
Is 2098 a composite number?
True
Is 223507 prime?
True
Is 3454249 prime?
True
Is 1611985 a prime number?
False
Is 20323 a composite number?
False
Is 2447 composite?
False
Is 15601 a prime number?
True
Is 69413 a prime number?
False
Is 224351 a prime number?
True
Is 3557 prime?
True
Is 409 composite?
False
Is 639901 a prime number?
False
Is 23599 a prime number?
True
Is 3494 a composite number?
True
Is 780953 a prime number?
True
Is 2969627 a prime number?
True
Is 298897 composite?
False
Is 1733 a prime number?
True
Is 442347 prime?
False
Is 55967 prime?
True
Is 503717 composite?
False
Is 15559 a prime number?
True
Is 305645 a prime number?
False
Is 1213 composite?
False
Is 2407 composite?
True
Is 612403 a composite number?
True
Is 12677 composite?
True
Is 2609 composite?
False
Is 538511 a prime 